7051 a prime number?
False
Is 6241238321 a composite number?
False
Is 1099289903 prime?
True
Is 99709451 composite?
False
Is 98538633427 prime?
False
Is 26584817551 a composite number?
False
Is 3394094771 prime?
False
Is 17780044531 a prime number?
True
Is 2778129881 prime?
False
Is 77307384461 composite?
False
Is 11662080082 prime?
False
Is 3958582399 a prime number?
True
Is 110797283741 a composite number?
False
Is 2153065063 a composite number?
False
Is 839854195 a composite number?
True
Is 11442736787 composite?
True
Is 25061250053 prime?
False
Is 2240728883 prime?
True
Is 130696373 composite?
True
Is 25521190087 a composite number?
False
Is 18592821629 prime?
True
Is 48941393803 a prime number?
True
Is 14355644561 prime?
True
Is 113682165533 a composite number?
False
Is 3178525289 a prime number?
True
Is 46540125559 composite?
True
Is 1852758959 a composite number?
False
Is 99338417 prime?
True
Is 3210222293 a composite number?
True
Is 877342183 composite?
True
Is 4835616689 composite?
False
Is 21611599531 prime?
True
Is 15997465951 composite?
True
Is 95566392307 a composite number?
True
Is 1529154169 a composite number?
False
Is 1889044063 a prime number?
False
Is 3679281077 prime?
False
Is 8072532469 prime?
False
Is 28138478582 a prime number?
False
Is 2596431283 prime?
True
Is 1365582499 a composite number?
False
Is 32104601447 a prime number?
False
Is 177383142247 composite?
False
Is 2108871521 composite?
False
Is 40607053777 prime?
True
Is 723589661 a prime number?
False
Is 2481374437 a prime number?
False
Is 519437591 composite?
True
Is 2476693721 composite?
True
Is 6305144969 composite?
False
Is 36876836561 composite?
True
Is 2273632421 composite?
False
Is 2142539369 composite?
True
Is 147745601 a composite number?
False
Is 766240051 a prime number?
False
Is 10366310005 a composite number?
True
Is 809793001 prime?
True
Is 458722811003 a prime number?
True
Is 15108769983 a composite number?
True
Is 40035707 prime?
True
Is 821911117 a prime number?
True
Is 80125187 composite?
True
Is 3125460859 prime?
True
Is 2270421169 prime?
False
Is 13364825543 prime?
True
Is 747449749 a composite number?
True
Is 128842476733 a composite number?
True
Is 3459441983 prime?
False
Is 20512869791 a prime number?
True
Is 5795526739 composite?
True
Is 1267489127 prime?
True
Is 1197025717 a prime number?
True
Is 11751049691 a prime number?
True
Is 6803901289 composite?
True
Is 242056249 a prime number?
True
Is 1323672011 a composite number?
True
Is 10696441831 a composite number?
False
Is 1260375797 prime?
True
Is 7193454601 a prime number?
False
Is 1418979083 a composite number?
False
Is 4057819921 a prime number?
False
Is 2761902613 prime?
False
Is 7971660259 a composite number?
True
Is 795237455 a prime number?
False
Is 52795898866 a prime number?
False
Is 625507079 a prime number?
False
Is 1254282059 a prime number?
True
Is 35094629 prime?
False
Is 1438325081 prime?
True
Is 665974657 composite?
False
Is 163912498307 composite?
False
Is 3406223567 a prime number?
True
Is 2095189 prime?
True
Is 2244546427 prime?
True
Is 22874601299 composite?
True
Is 2676911407 composite?
False
Is 2052147443 a prime number?
True
Is 30430016971 prime?
True
Is 801328447 a prime number?
False
Is 176156031049 a composite number?
False
Is 2455419466 composite?
True
Is 10996186291 composite?
False
Is 4855728389 composite?
False
Is 33288115541 composite?
True
Is 90208753963 a prime number?
True
Is 624684037 prime?
True
Is 139548736829 a prime number?
False
Is 3042571846 composite?
True
Is 82974169807 prime?
True
Is 228767019853 composite?
False
Is 5576907779 composite?
False
Is 142068601 composite?
True
Is 46991362667 composite?
False
Is 20795679617 prime?
True
Is 17505557687 a composite number?
False
Is 118703876831 a prime number?
True
Is 74963168173 prime?
True
Is 208401799 composite?
False
Is 4182543571 composite?
True
Is 131120641 composite?
True
Is 13633790179 composite?
True
Is 11685868919 prime?
True
Is 44665133449 a prime number?
False
Is 22108563439 prime?
True
Is 157012819331 a prime number?
False
Is 1963465177 a prime number?
True
Is 59741057102 composite?
True
Is 27012464887 prime?
False
Is 4446651493 prime?
False
Is 28395951673 a prime number?
False
Is 15932060659 a prime number?
True
Is 642817517 a prime number?
False
Is 250298105 a prime number?
False
Is 66671382791 a composite number?
True
Is 26210523751 composite?
True
Is 23413036561 a composite number?
False
Is 6262656133 prime?
True
Is 48120858827 a composite number?
False
Is 16249733833 a composite number?
False
Is 529592399 a composite number?
True
Is 9335082761 a prime number?
False
Is 14040166429 a prime number?
True
Is 15518269939 composite?
True
Is 6219411217 composite?
True
Is 11545574353 a prime number?
False
Is 2634383989 a composite number?
False
Is 9384236567 composite?
False
Is 1190888711 prime?
True
Is 10259297753 prime?
False
Is 171256159 a prime number?
True
Is 48671735159 prime?
True
Is 16300601461 a prime number?
True
Is 1101372959 prime?
True
Is 274787831 prime?
False
Is 20910262553 composite?
False
Is 1144685537 a composite number?
True
Is 347454773 a composite number?
True
Is 14990757653 prime?
False
Is 2661535451 composite?
False
Is 901007951 a composite number?
True
Is 17983292927 a composite number?
False
Is 18189768811 composite?
False
Is 7173461209 a prime number?
True
Is 777413489 prime?
True
Is 901487173 composite?
False
Is 2335641019 prime?
False
Is 79195175411 a composite number?
True
Is 63249397 a composite number?
False
Is 2583927499 composite?
False
Is 132887549 a composite number?
False
Is 81066101759 composite?
False
Is 11959498 composite?
True
Is 5644740819 a composite number?
True
Is 885849001 composite?
True
Is 5531099885 a prime number?
False
Is 11219757329 composite?
True
Is 18828304717 a prime number?
True
Is 1339284649 composite?
False
Is 6989568239 a prime number?
False
Is 142319347 composite?
False
Is 18204730601 a prime number?
True
Is 2125016417 composite?
False
Is 753891647 a composite number?
False
Is 109442051 prime?
True
Is 15972432809 prime?
True
Is 833621909 composite?
True
Is 53426417987 composite?
False
Is 4040515021 prime?
False
Is 146934127 composite?
True
Is 8137620301 a composite number?
True
Is 16579187971 prime?
True
Is 12420682517 composite?
False
Is 8464931 prime?
False
Is 30135083507 a composite number?
True
Is 33742806733 composite?
False
Is 42378547 a composite number?
False
Is 15904391093 a prime number?
True
Is 7431494753 a composite number?
True
Is 5249678333 composite?
False
Is 839540638 composite?
True
Is 283324087 prime?
False
Is 2067716821 a prime number?
False
Is 147370394761 composite?
False
Is 943194983 a prime number?
False
Is 394511779 a composite number?
False
Is 3298357631 prime?
True
Is 332558711 a composite number?
True
Is 158192799 a prime number?
False
Is 523558619 composite?
False
Is 30903919 composite?
False
Is 102187441 prime?
True
Is 42413457451 composite?
True
Is 2041554869 composite?
False
Is 5421697849 a prime number?
False
Is 150521029 a prime number?
False
Is 373312239 a prime number?
False
Is 1393907191 composite?
True
Is 104452992745 prime?
False
Is 1634348741 prime?
False
Is 2143790267 a prime number?
True
Is 7538147231 a prime number?
True
Is 4967535923 composite?
True
Is 2239089613 a prime number?
False
Is 10291422211 a composite number?
True
Is 210132977 a composite number?
False
Is 24213571883 a composite number?
False
Is 104792438573 a prime number?
False
Is 297333653 a composite number?
False
Is 585644273 a composite number?
False
Is 1873890901 a prime number?
False
Is 2852900303 composite?
True
Is 6480730471 a composite number?
False
Is 3876840091 a prime number?
False
Is 2953728373 a composite number?
True
Is 330714689 prime?
False
Is 83788064863 a composite number?
False
Is 5190701959 composite?
True
Is 2470948153 a composite number?
False
Is 1833038629 a prime number?
True
Is 13606610887 composite?
False
Is 50166217223 a prime number?
False
Is 10371263093 a prime number?
True
Is 56747477687 a prime number?
True
Is 10415006209 a composite number?
True
Is 1029973421 a prime number?
False
Is 3739529663 prime?
True
Is 453495641 a prime number?
True
Is 7816096493 composite?
False
Is 9402569849 prime?
True